{"id":22,"date":"2021-11-09T08:57:06","date_gmt":"2021-11-09T07:57:06","guid":{"rendered":"https:\/\/www.stjoseph-lodeve.fr\/?page_id=22"},"modified":"2022-02-03T10:22:49","modified_gmt":"2022-02-03T09:22:49","slug":"historique","status":"publish","type":"page","link":"https:\/\/www.stjoseph-lodeve.fr\/index.php\/historique\/","title":{"rendered":"Historique"},"content":{"rendered":"\n<p>L\u2019\u00e9cole Saint Joseph de Lod\u00e8ve a \u00e9t\u00e9 cr\u00e9\u00e9e en 1816 pour instruire les gar\u00e7ons. Elle \u00e9tait dirig\u00e9e par les fr\u00e8res de la congr\u00e9gation Lasallienne.<\/p>\n\n\n\n<p>En 1970 elle a \u00e9lu domicile au 5, avenue de la R\u00e9publique.<\/p>\n\n\n\n<p>Durant 9 ans, l\u2019\u00e9cole de gar\u00e7ons Saint Joseph partage ses locaux avec l\u2019\u00e9cole de filles Sacr\u00e9 C\u0153ur. Elle est devenue mixte en 1979. <\/p>\n\n\n\n<p>Les fr\u00e8res de La Salle ont occup\u00e9 et dirig\u00e9 l\u2019\u00e9cole jusqu\u2019en 1989, date \u00e0 laquelle la communaut\u00e9 a quitt\u00e9 l\u2019\u00e9tablissement pour laisser la direction \u00e0 un la\u00efc. En 2003, l\u2019\u00e9cole est pass\u00e9e sous tutelle dioc\u00e9saine.<\/p>\n\n\n\n<h3 class=\"has-text-align-center\">Pour aller plus loin\u2026<\/h3>\n\n\n\n<ul><li><strong>1747\u00a0:<\/strong> D\u2019apr\u00e8s une d\u00e9lib\u00e9ration du 16 septembre 1747, les Fr\u00e8res des Ecoles Chr\u00e9tiennes (Congr\u00e9gation religieuse fond\u00e9e en 1680 \u00e0 Reims par Saint Jean-Baptiste de la Salle, pour l\u2019\u00e9ducation d\u2019une jeunesse pauvre et abandonn\u00e9e) auraient \u00e9t\u00e9 demand\u00e9s par Monseigneur de Souillac, alors Ev\u00eaque de Lod\u00e8ve. Rien ne porte \u00e0 croire qu\u2019ils se soient<br>rendus dans cette ville car aucun document ne prouve qu\u2019on ait donn\u00e9 suite \u00e0 cette demande.<br><\/li><li><strong>1816\u00a0:<\/strong> Le 10 juillet 1816, M. Guillaume Rouaud, maire de Lod\u00e8ve, offre de louer \u00e0 ses frais une maison commode pour y recevoir les Fr\u00e8res en attendant de faire construire, toujours \u00e0 ses frais, un b\u00e2timent scolaire et un logement pour les religieux.<br><\/li><li><strong>1819\u00a0:<\/strong> L\u2019\u00e9cole est ouverte le 25 janvier 1819. Le Fr\u00e8re Emmanuel en sera le premier directeur, il est accompagn\u00e9 de deux religieux. On ne conna\u00eet qu\u2019imparfaitement la premi\u00e8re r\u00e9sidence des Fr\u00e8res \u00e0 Lod\u00e8ve, il semble qu\u2019ils aient \u00e9t\u00e9 log\u00e9s \u00e0 l\u2019ancien \u00e9v\u00each\u00e9, puis dans la Grand-Rue.<br><\/li><li><strong>1830\u00a0:<\/strong> Le 6 Ao\u00fbt, Monsieur Rouaud l\u00e8gue \u00e0 la ville de Lod\u00e8ve un enclos avec b\u00e2timents devant servir \u00e0 l\u2019enseignement par les Fr\u00e8res des Ecoles Chr\u00e9tiennes, \u00e0 l\u2019exclusion de tout autre enseignement. Cet enclos situ\u00e9 boulevard de l\u2019H\u00f4pital (actuellement boulevard Pasteur) sera occup\u00e9 par les Fr\u00e8res et par leurs \u00e9l\u00e8ves jusqu\u2019en 1905, sous le nom d\u2019Ecole<br>Saint Joseph.<br>D\u00e9s sa cr\u00e9ation, l\u2019\u00e9tablissement des Fr\u00e8res compte deux classes pour 295 \u00e9l\u00e8ves.<br>Une troisi\u00e8me classe sera ouverte en 1821 avec l\u2019aide d\u2019un quatri\u00e8me Fr\u00e8re.<br><\/li><li><strong>1841\u00a0:<\/strong> Une deuxi\u00e8me \u00e9cole est ouverte sur la paroisse Saint-Pierre\u00a0; elle fonctionnera jusque vers 1864. Les Fr\u00e8res r\u00e9sidant boulevard de l\u2019H\u00f4pital se rendaient tous les jours dans ce quartier de la ville. Avec l\u2019ouverture de ce nouvel \u00e9tablissement, on compte 6 Fr\u00e8res pour 377 \u00e9l\u00e8ves r\u00e9partis en 5 classes. Un Fr\u00e8re \u00e9tait d\u00e9tach\u00e9 pour assurer les t\u00e2ches mat\u00e9rielles de la communaut\u00e9. Rappelons \u00e9galement qu\u2019\u00e0 cette \u00e9poque les Fr\u00e8res faisaient fonction d\u2019instituteurs publics, ils \u00e9taient r\u00e9tribu\u00e9s par la municipalit\u00e9 et travaillaient dans un b\u00e2timent municipal.<br><\/li><li><strong>1852\u00a0: <\/strong>Gr\u00e2ce \u00e0 un don fait \u00e0 la ville par les abb\u00e9s Antoine Lazaire et Auguste Soudan, la municipalit\u00e9 d\u00e9cide l\u2019achat d\u2019un terrain contigu aux immeubles Rouaud pour agrandir l\u2019\u00e9tablissement des Fr\u00e8res.<br><\/li><li><strong>1860\u00a0: <\/strong>Cr\u00e9ation par les Fr\u00e8res d\u2019une \u00e9cole du soir comprenant un cours d\u2019adultes et d\u2019apprentis. Am\u00e9nagement \u00e9galement d\u2019un gymnase.<br><\/li><li><strong>1867\u00a0: <\/strong>Construction d\u2019une chapelle dans l\u2019\u00e9tablissement sous l\u2019initiative du Fr\u00e8re directeur L\u00e9oth\u00e9ric et b\u00e9n\u00e9diction de cette chapelle par Monsieur l\u2019Archipr\u00eatre Beaupillier.<\/li><\/ul>\n\n\n\n<h4>Vers la p\u00e9riode de la\u00efcisation<\/h4>\n\n\n\n<ul><li><strong>1870\u00a0: <\/strong>Avec l\u2019\u00e9lection d\u2019une nouvelle municipalit\u00e9, suppression \u00e0 l\u2019initiative du maire, M.Arrazat, du traitement de l\u2019aum\u00f4nier, de celui des deux Fr\u00e8res de l\u2019\u00e9cole du soir et des prix aux \u00e9l\u00e8ves. Un incident avec cette municipalit\u00e9 aurait entra\u00een\u00e9 la fermeture de l\u2019\u00e9tablissement pour quelques jours. Cet arr\u00eat\u00e9 fut cass\u00e9 par M.Thiers, Pr\u00e9sident de la R\u00e9publique, qui ordonna la r\u00e9ouverture de l\u2019\u00e9cole.<\/li><\/ul>\n\n\n\n<h4>Cr\u00e9ation d\u2019une \u00e9cole libre<\/h4>\n\n\n\n<ul><li><strong>1879 :<\/strong> Le 30 ao\u00fbt 1879, M. Pierre Blanquet est nomm\u00e9 instituteur communal en remplacement du Fr\u00e8re Th\u00e9r\u00e9mis.<br>Le 3 d\u00e9cembre 1879, le Fr\u00e8re S\u00e9natorien ouvre une \u00e9cole libre dans les m\u00eames locaux et avec le m\u00eame personnel enseignant. Ils conservent tout le mobilier scolaire. Le nombre des \u00e9l\u00e8ves diminue sensiblement suite aux \u00e9v\u00e8nements de la la\u00efcisation.<br>Monsieur l\u2019Archipr\u00eatre et l\u2019abb\u00e9 Barascut, cur\u00e9 de Saint-Pierre, prennent en charge le traitement des 5 Fr\u00e8res qui ne sont plus subventionn\u00e9s par la mairie.<\/li><\/ul>\n\n\n\n<h4>Cr\u00e9ation d\u2019un comit\u00e9 des \u00e9coles libres<\/h4>\n\n\n\n<ul><li><strong>1888 :<\/strong> Cr\u00e9ation d\u2019un comit\u00e9 des \u00e9coles libres, dit de Saint-Fulcran, pour soutenir l\u2019\u0153uvre entreprise par les Fr\u00e8res. On compte alors 239 \u00e9l\u00e8ves r\u00e9partis en 5 classes.<\/li><\/ul>\n\n\n\n<h4>Fermeture de l\u2019\u00e9tablissement boulevard de l\u2019H\u00f4pital<\/h4>\n\n\n\n<ul><li><strong>1905 :<\/strong> De par la loi du 7 juillet 1904 interdisant aux congr\u00e9gations religieuses de France d\u2019enseigner, et par arr\u00eat\u00e9 minist\u00e9riel du 16 janvier 1905, l\u2019\u00e9tablissement des Fr\u00e8res de Lod\u00e8ve ferme ses portes le 1 er septembre 1905.<br>Les Fr\u00e8res quittent le b\u00e2timent du boulevard de l\u2019H\u00f4pital qui deviendra le pensionnat de filles Jeanne d\u2019Arc.<\/li><\/ul>\n\n\n\n<h4>Construction d\u2019une nouvelle \u00e9cole<\/h4>\n\n\n\n<p>Gr\u00e2ce \u00e0 une souscription et \u00e0 des dons, le comit\u00e9 des \u00e9coles libres construit une nouvelle \u00e9cole boulevard de la libert\u00e9. Les Fr\u00e8res y poursuivent leur enseignement jusqu\u2019en 1919.<\/p>\n\n\n\n<h4>D\u00e9part des Fr\u00e8res<\/h4>\n\n\n\n<ul><li><strong>1919\u00a0:<\/strong> Apr\u00e8s diverse tractations entre le Fr\u00e8re Albert Paulin, Visiteur, Monsieur l\u2019Archipr\u00eatre et l\u2019Ev\u00eaque de Montpellier, les sup\u00e9rieurs d\u00e9cident de retirer les Fr\u00e8res de Lod\u00e8ve.<br>Apr\u00e8s leur d\u00e9part, l\u2019\u00e9cole libre continue de fonctionner.<\/li><\/ul>\n\n\n\n<h4>Retour des Fr\u00e8res boulevard Pasteur (ancien boulevard de l\u2019H\u00f4pital)<\/h4>\n\n\n\n<ul><li><strong>1922\u00a0:<\/strong> Une association amicale des anciens \u00e9l\u00e8ves des Fr\u00e8res se forme \u00e0 Lod\u00e8ve. Trois de ses membres sont d\u00e9l\u00e9gu\u00e9s aupr\u00e8s du Fr\u00e8re Visiteur \u00e0 B\u00e9ziers pour obtenir 3 Fr\u00e8res.<br>Le 28 septembre 1822, les Fr\u00e8res r\u00e9ouvrent l\u2019Ecole Saint Joseph dans l\u2019ancien local rachet\u00e9 au fisc. Elle compte trois classes et 55 inscrits.<br><\/li><li><strong>1935\u00a0:<\/strong> A la suite d\u2019une d\u00e9cision du comit\u00e9 de l\u2019\u00e9cole, cr\u00e9ation d\u2019un cours sup\u00e9rieur pour les \u00e9l\u00e8ves qui ne souhaitent pas poursuivre les \u00e9tudes dans le secondaire.<br><\/li><li><strong>1939\u00a0:<\/strong> Le 7 septembre, l\u2019\u00e9cole est r\u00e9quisitionn\u00e9e par l\u2019autorit\u00e9 militaire. Il s\u2019y forme la 8\u00e8me compagnie, 2\u00e8me bataillon du 406\u00e8me R.I. Les trois classes et la salle commune sont occup\u00e9es. L\u2019\u00e9tat-major occupe le cours sup\u00e9rieur.<br>Le 30 septembre, l\u2019\u00e9cole reprend et aux petits lod\u00e9vois viennent s\u2019adjoindre des enfants de r\u00e9fugi\u00e9s en provenance de Paris et de la fronti\u00e8re italienne.<br>Des Fr\u00e8res sont mobilis\u00e9s, Melle Carri\u00e8re prend en charge le cours pr\u00e9paratoire.<br>Le 22 juin 1940, les classes sont \u00e0 nouveau r\u00e9quisitionn\u00e9es pour y loger des soldats belges.<br><\/li><li><strong>1946\u00a0:<\/strong> A la rentr\u00e9e scolaire de 1946, on compte 90 inscrits r\u00e9partis en 6 classes. Nombre qui sera port\u00e9 \u00e0 106 \u00e0 la rentr\u00e9e 1947.<br><\/li><li><strong>1951\u00a0:<\/strong> Fondation d\u2019une soci\u00e9t\u00e9 immobili\u00e8re qui devient propri\u00e9taire de l\u2019enclos et des immeubles qui constituent l\u2019Ecole Saint Joseph. Insensiblement, par petites touches successives, le comit\u00e9, en collaboration avec la communaut\u00e9 des Fr\u00e8res, modernise un immeuble plus que centenaire. L\u2019association des P\u00e9nitents Bleus de Lod\u00e8ve participe<br>financi\u00e8rement au soutien de l\u2019\u00e9cole.<br><\/li><li><strong>1954\u00a0:<\/strong> En juillet, l\u2019\u00e9cole h\u00e9berge la colonie Saint-Nazaire de B\u00e9ziers, soit 40 adolescents sous la conduite de l\u2019abb\u00e9 Lassalvy.<\/li><\/ul>\n\n\n\n<h4>Le contrat simple<\/h4>\n\n\n\n<ul><li><strong>1962\u00a0:<\/strong> L\u2019\u00e9cole obtient le contrat simple et ce, apr\u00e8s un premier refus en 1961. Ce contrat prend en charge le traitement des trois ma\u00eetres et oblige l\u2019ensemble du personnel enseignant \u00e0 passer l\u2019examen officiel d\u2019instituteur. Ce qui est fait avec succ\u00e8s.<\/li><\/ul>\n\n\n\n<h4>Installation de l\u2019\u00e9cole au 5 avenue de la R\u00e9publique<\/h4>\n\n\n\n<ul><li><strong>1970\u00a0:<\/strong> Nous voici arriv\u00e9s au terme d\u2019une ann\u00e9e importante dans l\u2019histoire de l\u2019Ecole Saint-Joseph. Les S\u0153urs de l\u2019Ecole du Sacr\u00e9-C\u0153ur devant se retirer, le comit\u00e9 rach\u00e8te les locaux situ\u00e9s au 5, avenue de la R\u00e9publique pour y transf\u00e9rer l\u2019\u00e9cole Saint Joseph. Les locaux du boulevard Pasteur sont vendus \u00e0 la mairie qui en fera une \u00e9cole maternelle.<br>Le 16 juillet, les 3 derni\u00e8res s\u0153urs quittent le Sacr\u00e9-C\u0153ur et 2 Fr\u00e8res s\u2019installent pour occuper les lieux. Pendant trois mois, des entreprises vont construire la cantine, un pr\u00e9au m\u00e9tallique et surtout adapter par de gros et d\u00e9licats travaux de nombreuses petites pi\u00e8ces en 4 vastes classes de gar\u00e7ons. Tous ces travaux sont si longs que la rentr\u00e9e des classes des gar\u00e7ons se fait \u00e0 l\u2019ancien local Saint Joseph. Cependant, la cantine fonctionne avenue de la R\u00e9publique, ce qui oblige \u00e0 de nombreux d\u00e9placements.<br>Fin octobre, trois camions et une quarantaine d\u2019amis de l\u2019\u00e9cole transportent rapidement tout le mat\u00e9riel scolaire. Le 15 novembre, en pr\u00e9sence de toutes les autorit\u00e9s lod\u00e9voises, est organis\u00e9e une journ\u00e9e portes ouvertes. L\u2019Ecole Saint Joseph devient le groupe scolaire Sacr\u00e9 C\u0153ur \u2013 Saint Joseph. En tout, 320 gar\u00e7ons et filles fr\u00e9quentent le groupe scolaire en 9 classes tenues par 3 Fr\u00e8res et 6 institutrices. Le Fr\u00e8re Jacques Vert dirige l\u2019\u00e9cole des gar\u00e7ons (il est remplac\u00e9 ensuite par le Fr\u00e8re Paul Boulet) et Melle Payan assure la direction de la partie \u00e9cole de filles.<br><\/li><li><strong>1974\u00a0:<\/strong> A la rentr\u00e9e de Septembre, mise en place de la g\u00e9mination, dans toutes les classes des deux primaires, gar\u00e7ons et filles vivent c\u00f4te \u00e0 c\u00f4te.<br><\/li><li><strong>1979\u00a0:<\/strong> Le 13 septembre, la g\u00e9mination est supprim\u00e9e par la Pr\u00e9fecture. Nos deux \u00e9coles Sacr\u00e9 c\u0153ur et Saint Joseph fusionnent en une seule qui prend pour nom officiel Ecole Priv\u00e9e Mixte Saint Joseph.<br><\/li><li><strong>1983\u00a0:<\/strong> L\u2019\u00e9cole obtient le contrat d\u2019association pour un an. Elle accueille 370 \u00e9l\u00e8ves r\u00e9partis dans 13 classes.<br><\/li><li><strong>1989\u00a0:<\/strong> la communaut\u00e9 des Fr\u00e8res quitte l\u2019\u00e9tablissement pour laisser la direction \u00e0 un la\u00efc M.Pierre Delon.<br><\/li><li><strong>2003\u00a0:<\/strong> L\u2019\u00e9tablissement passe sous tutelle dioc\u00e9saine.<\/li><\/ul>\n","protected":false},"excerpt":{"rendered":"<p>L\u2019\u00e9cole Saint Joseph de Lod\u00e8ve a \u00e9t\u00e9 cr\u00e9\u00e9e en 1816 pour instruire les gar\u00e7ons. Elle \u00e9tait dirig\u00e9e par les fr\u00e8res de la congr\u00e9gation Lasallienne. En 1970 elle a \u00e9lu domicile au 5, avenue de la R\u00e9publique. Durant 9 ans, l\u2019\u00e9cole de gar\u00e7ons Saint Joseph partage ses locaux avec l\u2019\u00e9cole de filles Sacr\u00e9 C\u0153ur. Elle est devenue mixte en 1979. Les fr\u00e8res de La Salle ont occup\u00e9 et dirig\u00e9 l\u2019\u00e9cole jusqu\u2019en 1989, date \u00e0 laquelle la communaut\u00e9 a quitt\u00e9 l\u2019\u00e9tablissement pour laisser la direction \u00e0 un la\u00efc. En 2003, l\u2019\u00e9cole est pass\u00e9e sous tutelle dioc\u00e9saine. Pour aller plus loin\u2026 1747\u00a0: D\u2019apr\u00e8s une d\u00e9lib\u00e9ration du 16 septembre 1747, les Fr\u00e8res des Ecoles Chr\u00e9tiennes (Congr\u00e9gation religieuse fond\u00e9e en 1680 \u00e0 Reims par Saint Jean-Baptiste de la Salle, pour l\u2019\u00e9ducation d\u2019une jeunesse pauvre et abandonn\u00e9e) auraient \u00e9t\u00e9 demand\u00e9s par Monseigneur de Souillac, alors Ev\u00eaque de Lod\u00e8ve. Rien ne porte \u00e0 croire qu\u2019ils se soientrendus dans cette ville car aucun document ne prouve qu\u2019on ait donn\u00e9 suite \u00e0 cette demande. 1816\u00a0: Le 10 juillet 1816, M. Guillaume Rouaud, maire de Lod\u00e8ve, offre de louer \u00e0 ses frais une maison commode pour y recevoir les Fr\u00e8res en attendant de faire construire, toujours \u00e0 ses frais, un b\u00e2timent scolaire et un logement pour les religieux. 1819\u00a0: L\u2019\u00e9cole est ouverte le 25 janvier 1819. Le Fr\u00e8re Emmanuel en sera le premier directeur, il est accompagn\u00e9 de deux religieux. On ne conna\u00eet qu\u2019imparfaitement la premi\u00e8re r\u00e9sidence des Fr\u00e8res \u00e0 Lod\u00e8ve, il semble qu\u2019ils aient \u00e9t\u00e9 log\u00e9s \u00e0 l\u2019ancien \u00e9v\u00each\u00e9, puis dans la Grand-Rue. 1830\u00a0: Le 6 Ao\u00fbt, Monsieur Rouaud l\u00e8gue \u00e0 la ville de Lod\u00e8ve un enclos avec b\u00e2timents devant servir \u00e0 l\u2019enseignement par les Fr\u00e8res des Ecoles Chr\u00e9tiennes, \u00e0 l\u2019exclusion de tout autre enseignement. Cet enclos situ\u00e9 boulevard de l\u2019H\u00f4pital (actuellement boulevard Pasteur) sera occup\u00e9 par les Fr\u00e8res et par leurs \u00e9l\u00e8ves jusqu\u2019en 1905, sous le nom d\u2019EcoleSaint Joseph.D\u00e9s sa cr\u00e9ation, l\u2019\u00e9tablissement des Fr\u00e8res compte deux classes pour 295 \u00e9l\u00e8ves.Une troisi\u00e8me classe sera ouverte en 1821 avec l\u2019aide d\u2019un quatri\u00e8me Fr\u00e8re. 1841\u00a0: Une deuxi\u00e8me \u00e9cole est ouverte sur la paroisse Saint-Pierre\u00a0; elle fonctionnera jusque vers 1864. Les Fr\u00e8res r\u00e9sidant boulevard de l\u2019H\u00f4pital se rendaient tous les jours dans ce quartier de la ville. Avec l\u2019ouverture de ce nouvel \u00e9tablissement, on compte 6 Fr\u00e8res pour 377 \u00e9l\u00e8ves r\u00e9partis en 5 classes. Un Fr\u00e8re \u00e9tait d\u00e9tach\u00e9 pour assurer les t\u00e2ches mat\u00e9rielles de la communaut\u00e9. Rappelons \u00e9galement qu\u2019\u00e0 cette \u00e9poque les Fr\u00e8res faisaient fonction d\u2019instituteurs publics, ils \u00e9taient r\u00e9tribu\u00e9s par la municipalit\u00e9 et travaillaient dans un b\u00e2timent municipal. 1852\u00a0: Gr\u00e2ce \u00e0 un don fait \u00e0 la ville par les abb\u00e9s Antoine Lazaire et Auguste Soudan, la municipalit\u00e9 d\u00e9cide l\u2019achat d\u2019un terrain contigu aux immeubles Rouaud pour agrandir l\u2019\u00e9tablissement des Fr\u00e8res. 1860\u00a0: Cr\u00e9ation par les Fr\u00e8res d\u2019une \u00e9cole du soir comprenant un cours d\u2019adultes et d\u2019apprentis. Am\u00e9nagement \u00e9galement d\u2019un gymnase. 1867\u00a0: Construction d\u2019une chapelle dans l\u2019\u00e9tablissement sous l\u2019initiative du Fr\u00e8re directeur L\u00e9oth\u00e9ric et b\u00e9n\u00e9diction de cette chapelle par Monsieur l\u2019Archipr\u00eatre Beaupillier. Vers la p\u00e9riode de la\u00efcisation 1870\u00a0: Avec l\u2019\u00e9lection d\u2019une nouvelle municipalit\u00e9, suppression \u00e0 l\u2019initiative du maire, M.Arrazat, du traitement de l\u2019aum\u00f4nier, de celui des deux Fr\u00e8res de l\u2019\u00e9cole du soir et des prix aux \u00e9l\u00e8ves. Un incident avec cette municipalit\u00e9 aurait entra\u00een\u00e9 la fermeture de l\u2019\u00e9tablissement pour quelques jours. Cet arr\u00eat\u00e9 fut cass\u00e9 par M.Thiers, Pr\u00e9sident de la R\u00e9publique, qui ordonna la r\u00e9ouverture de l\u2019\u00e9cole. Cr\u00e9ation d\u2019une \u00e9cole libre 1879 : Le 30 ao\u00fbt 1879, M. Pierre Blanquet est nomm\u00e9 instituteur communal en remplacement du Fr\u00e8re Th\u00e9r\u00e9mis.Le 3 d\u00e9cembre 1879, le Fr\u00e8re S\u00e9natorien ouvre une \u00e9cole libre dans les m\u00eames locaux et avec le m\u00eame personnel enseignant. Ils conservent tout le mobilier scolaire. Le nombre des \u00e9l\u00e8ves diminue sensiblement suite aux \u00e9v\u00e8nements de la la\u00efcisation.Monsieur l\u2019Archipr\u00eatre et l\u2019abb\u00e9 Barascut, cur\u00e9 de Saint-Pierre, prennent en charge le traitement des 5 Fr\u00e8res qui ne sont plus subventionn\u00e9s par la mairie. Cr\u00e9ation d\u2019un comit\u00e9 des \u00e9coles libres 1888 : Cr\u00e9ation d\u2019un comit\u00e9 des \u00e9coles libres, dit de Saint-Fulcran, pour soutenir l\u2019\u0153uvre entreprise par les Fr\u00e8res. On compte alors 239 \u00e9l\u00e8ves r\u00e9partis en 5 classes. Fermeture de l\u2019\u00e9tablissement boulevard de l\u2019H\u00f4pital 1905 : De par la loi du 7 juillet 1904 interdisant aux congr\u00e9gations religieuses de France d\u2019enseigner, et par arr\u00eat\u00e9 minist\u00e9riel du 16 janvier 1905, l\u2019\u00e9tablissement des Fr\u00e8res de Lod\u00e8ve ferme ses portes le 1 er septembre 1905.Les Fr\u00e8res quittent le b\u00e2timent du boulevard de l\u2019H\u00f4pital qui deviendra le pensionnat de filles Jeanne d\u2019Arc. Construction d\u2019une nouvelle \u00e9cole Gr\u00e2ce \u00e0 une souscription et \u00e0 des dons, le comit\u00e9 des \u00e9coles libres construit une nouvelle \u00e9cole boulevard de la libert\u00e9. Les Fr\u00e8res y poursuivent leur enseignement jusqu\u2019en 1919. D\u00e9part des Fr\u00e8res 1919\u00a0: Apr\u00e8s diverse tractations entre le Fr\u00e8re Albert Paulin, Visiteur, Monsieur l\u2019Archipr\u00eatre et l\u2019Ev\u00eaque de Montpellier, les sup\u00e9rieurs d\u00e9cident de retirer les Fr\u00e8res de Lod\u00e8ve.Apr\u00e8s leur d\u00e9part, l\u2019\u00e9cole libre continue de fonctionner. Retour des Fr\u00e8res boulevard Pasteur (ancien boulevard de l\u2019H\u00f4pital) 1922\u00a0: Une association amicale des anciens \u00e9l\u00e8ves des Fr\u00e8res se forme \u00e0 Lod\u00e8ve. Trois de ses membres sont d\u00e9l\u00e9gu\u00e9s aupr\u00e8s du Fr\u00e8re Visiteur \u00e0 B\u00e9ziers pour obtenir 3 Fr\u00e8res.Le 28 septembre 1822, les Fr\u00e8res r\u00e9ouvrent l\u2019Ecole Saint Joseph dans l\u2019ancien local rachet\u00e9 au fisc. Elle compte trois classes et 55 inscrits. 1935\u00a0: A la suite d\u2019une d\u00e9cision du comit\u00e9 de l\u2019\u00e9cole, cr\u00e9ation d\u2019un cours sup\u00e9rieur pour les \u00e9l\u00e8ves qui ne souhaitent pas poursuivre les \u00e9tudes dans le secondaire. 1939\u00a0: Le 7 septembre, l\u2019\u00e9cole est r\u00e9quisitionn\u00e9e par l\u2019autorit\u00e9 militaire. Il s\u2019y forme la 8\u00e8me compagnie, 2\u00e8me bataillon du 406\u00e8me R.I. Les trois classes et la salle commune sont occup\u00e9es. L\u2019\u00e9tat-major occupe le cours sup\u00e9rieur.Le 30 septembre, l\u2019\u00e9cole reprend et aux petits lod\u00e9vois viennent s\u2019adjoindre des enfants de r\u00e9fugi\u00e9s en provenance de Paris et de la fronti\u00e8re italienne.Des Fr\u00e8res sont mobilis\u00e9s, Melle Carri\u00e8re prend en charge le cours pr\u00e9paratoire.Le 22 juin 1940, les classes sont \u00e0 nouveau r\u00e9quisitionn\u00e9es pour y loger des soldats belges. 1946\u00a0: A la rentr\u00e9e scolaire de 1946, on compte 90 inscrits r\u00e9partis en 6 classes. Nombre qui sera port\u00e9 \u00e0 106 \u00e0 la rentr\u00e9e 1947. 1951\u00a0: Fondation d\u2019une soci\u00e9t\u00e9 immobili\u00e8re qui devient propri\u00e9taire de l\u2019enclos et des immeubles qui constituent l\u2019Ecole Saint Joseph. Insensiblement, par petites touches successives, le comit\u00e9, en collaboration avec la communaut\u00e9 des Fr\u00e8res, modernise un immeuble plus que centenaire. L\u2019association des P\u00e9nitents Bleus de Lod\u00e8ve participefinanci\u00e8rement au soutien de l\u2019\u00e9cole. 1954\u00a0: En juillet, l\u2019\u00e9cole h\u00e9berge la colonie Saint-Nazaire de B\u00e9ziers, soit 40 adolescents sous la conduite de l\u2019abb\u00e9 Lassalvy. Le contrat simple 1962\u00a0: L\u2019\u00e9cole obtient le contrat simple et ce, apr\u00e8s un premier refus en 1961. Ce contrat prend en charge le traitement des trois ma\u00eetres et oblige l\u2019ensemble du personnel enseignant \u00e0 passer l\u2019examen officiel d\u2019instituteur. Ce qui est fait avec succ\u00e8s. Installation de l\u2019\u00e9cole au 5 avenue de la R\u00e9publique 1970\u00a0: Nous voici arriv\u00e9s au terme d\u2019une ann\u00e9e importante dans l\u2019histoire de l\u2019Ecole Saint-Joseph. Les S\u0153urs de l\u2019Ecole du Sacr\u00e9-C\u0153ur devant se retirer, le comit\u00e9 rach\u00e8te les locaux situ\u00e9s au 5, avenue de la R\u00e9publique pour y transf\u00e9rer l\u2019\u00e9cole Saint Joseph. Les locaux du boulevard Pasteur sont vendus \u00e0 la mairie qui en fera une \u00e9cole maternelle.Le 16 juillet, les 3 derni\u00e8res s\u0153urs quittent le Sacr\u00e9-C\u0153ur et 2 Fr\u00e8res s\u2019installent pour occuper les lieux. Pendant trois mois, des entreprises vont construire la cantine, un pr\u00e9au m\u00e9tallique et surtout adapter par de gros et d\u00e9licats travaux de nombreuses petites pi\u00e8ces en 4 vastes classes de gar\u00e7ons. Tous ces travaux sont si longs que la rentr\u00e9e des classes des gar\u00e7ons se fait \u00e0 l\u2019ancien local Saint Joseph. Cependant, la cantine fonctionne avenue de la R\u00e9publique, ce qui oblige \u00e0 de nombreux d\u00e9placements.Fin octobre, trois camions et une quarantaine d\u2019amis de l\u2019\u00e9cole transportent rapidement tout le mat\u00e9riel scolaire. Le 15 novembre, en pr\u00e9sence de toutes les autorit\u00e9s lod\u00e9voises, est organis\u00e9e une journ\u00e9e portes ouvertes. L\u2019Ecole Saint Joseph devient le groupe scolaire Sacr\u00e9 C\u0153ur \u2013 Saint Joseph. En tout, 320 gar\u00e7ons et filles fr\u00e9quentent le groupe scolaire en 9 classes tenues par 3 Fr\u00e8res et 6 institutrices. Le Fr\u00e8re Jacques Vert dirige l\u2019\u00e9cole des gar\u00e7ons (il est remplac\u00e9 ensuite par le Fr\u00e8re Paul Boulet) et Melle Payan assure la direction de la partie \u00e9cole de filles. 1974\u00a0: A la rentr\u00e9e de Septembre, mise en place de la g\u00e9mination, dans toutes les classes des deux primaires, gar\u00e7ons et filles vivent c\u00f4te \u00e0 c\u00f4te. 1979\u00a0: Le 13 septembre, la g\u00e9mination est supprim\u00e9e par la Pr\u00e9fecture. Nos deux \u00e9coles Sacr\u00e9 c\u0153ur et Saint Joseph fusionnent en une seule qui prend pour nom officiel Ecole Priv\u00e9e Mixte Saint Joseph. 1983\u00a0: L\u2019\u00e9cole obtient le contrat d\u2019association pour un an. Elle accueille 370 \u00e9l\u00e8ves r\u00e9partis dans 13 classes. 1989\u00a0: la communaut\u00e9 des Fr\u00e8res quitte l\u2019\u00e9tablissement pour laisser la direction \u00e0 un la\u00efc M.Pierre Delon. 2003\u00a0: L\u2019\u00e9tablissement passe sous tutelle dioc\u00e9saine.<\/p>\n","protected":false},"author":1,"featured_media":0,"parent":0,"menu_order":0,"comment_status":"closed","ping_status":"closed","template":"","meta":[],"_links":{"self":[{"href":"https:\/\/www.stjoseph-lodeve.fr\/index.php\/wp-json\/wp\/v2\/pages\/22"}],"collection":[{"href":"https:\/\/www.stjoseph-lodeve.fr\/index.php\/wp-json\/wp\/v2\/pages"}],"about":[{"href":"https:\/\/www.stjoseph-lodeve.fr\/index.php\/wp-json\/wp\/v2\/types\/page"}],"author":[{"embeddable":true,"href":"https:\/\/www.stjoseph-lodeve.fr\/index.php\/wp-json\/wp\/v2\/users\/1"}],"replies":[{"embeddable":true,"href":"https:\/\/www.stjoseph-lodeve.fr\/index.php\/wp-json\/wp\/v2\/comments?post=22"}],"version-history":[{"count":3,"href":"https:\/\/www.stjoseph-lodeve.fr\/index.php\/wp-json\/wp\/v2\/pages\/22\/revisions"}],"predecessor-version":[{"id":127,"href":"https:\/\/www.stjoseph-lodeve.fr\/index.php\/wp-json\/wp\/v2\/pages\/22\/revisions\/127"}],"wp:attachment":[{"href":"https:\/\/www.stjoseph-lodeve.fr\/index.php\/wp-json\/wp\/v2\/media?parent=22"}],"curies":[{"name":"wp","href":"https:\/\/api.w.org\/{rel}","templated":true}]}}