{"id":8,"date":"2021-11-09T08:53:46","date_gmt":"2021-11-09T07:53:46","guid":{"rendered":"https:\/\/www.stjoseph-lodeve.fr\/?page_id=8"},"modified":"2021-11-09T12:57:59","modified_gmt":"2021-11-09T11:57:59","slug":"projet-detablissement","status":"publish","type":"page","link":"https:\/\/www.stjoseph-lodeve.fr\/index.php\/projet-detablissement\/","title":{"rendered":"Projet d&rsquo;\u00e9tablissement"},"content":{"rendered":"\n<h3>ESPACE ET TEMPS<\/h3>\n\n\n\n<p>Viser des activit\u00e9s p\u00e9dagogiques qui d\u00e9veloppent des comp\u00e9tences dans le domaine de l\u2019espace et dans le domaine du temps d\u00e8s le plus jeune \u00e2ge\u00a0:<\/p>\n\n\n\n<ul><li>Stabiliser les premiers rep\u00e8res temporels et consolider la notion de chronologie<\/li><li>faire l\u2019exp\u00e9rience de l\u2019espace, le repr\u00e9senter et d\u00e9couvrir diff\u00e9rents milieux.<\/li><\/ul>\n\n\n\n<h3>HARMONISATION DES CYCLES<\/h3>\n\n\n\n<p>Pour chaque cycle,\u00a0 des activit\u00e9s ritualis\u00e9es sont mises en place afin d\u2019automatiser des proc\u00e9dures, m\u00e9moriser des r\u00e9gularit\u00e9s aussi bien dans le domaine des math\u00e9matiques que celui du domaine de l\u2019observation r\u00e9fl\u00e9chie de la langue.<br>Il s\u2019agit aussi de prioriser le domaine de l\u2019\u00e9crit \u00e0 travers toutes les disciplines.<\/p>\n\n\n\n<h3>ELEVES A BESOINS EDUCATIFS PARTICULIERS<\/h3>\n\n\n\n<p>Avec l\u2019appui d\u2019une enseignante sp\u00e9cialis\u00e9e, l\u00a0\u2018\u00e9quipe p\u00e9dagogique prend \u00e9videmment en compte les \u00e9l\u00e8ves \u00e0 besoins \u00e9ducatifs particuliers en optimisant le travail avec le ma\u00eetre E mais \u00e9galement en s\u2019appuyant sur les comp\u00e9tences diverses des enseignants ou en organisant des d\u00e9cloisonnements.<br>Il s\u2019agit aussi de cibler les actions d\u2019aide aux \u00e9l\u00e8ves rencontrant des difficult\u00e9s et ainsi de mutualiser en \u00e9quipe toutes les propositions favorables \u00e0 la scolarit\u00e9 des \u00e9l\u00e8ves.<\/p>\n\n\n\n<h3>PASTORALE<\/h3>\n\n\n\n<p>Vivre dans un climat de fraternit\u00e9 et de partage impliquant l\u2019ensembles des membres de la communaut\u00e9 \u00e9ducative (enseignants, personnels, parents, enfants, paroisse)<br><em><strong>Voir projet pastoral<\/strong><\/em><\/p>\n\n\n\n<h3>DEVELOPPEMENT DURABLE<\/h3>\n\n\n\n<p>En lien avec son engagement dans le concept d\u2019\u00e9cologie int\u00e9grale (<em>cf Encyclique Laudato Si -Pape Fran\u00e7ois-<\/em>), notre \u00e9tablissement s\u2019inscrit dans une d\u00e9marche d\u2019\u00e9ducation au d\u00e9veloppement durable.<\/p>\n","protected":false},"excerpt":{"rendered":"<p>ESPACE ET TEMPS Viser des activit\u00e9s p\u00e9dagogiques qui d\u00e9veloppent des comp\u00e9tences dans le domaine de l\u2019espace et dans le domaine du temps d\u00e8s le plus jeune \u00e2ge\u00a0: Stabiliser les premiers rep\u00e8res temporels et consolider la notion de chronologie faire l\u2019exp\u00e9rience de l\u2019espace, le repr\u00e9senter et d\u00e9couvrir diff\u00e9rents milieux. HARMONISATION DES CYCLES Pour chaque cycle,\u00a0 des activit\u00e9s ritualis\u00e9es sont mises en place afin d\u2019automatiser des proc\u00e9dures, m\u00e9moriser des r\u00e9gularit\u00e9s aussi bien dans le domaine des math\u00e9matiques que celui du domaine de l\u2019observation r\u00e9fl\u00e9chie de la langue.Il s\u2019agit aussi de prioriser le domaine de l\u2019\u00e9crit \u00e0 travers toutes les disciplines. ELEVES A BESOINS EDUCATIFS PARTICULIERS Avec l\u2019appui d\u2019une enseignante sp\u00e9cialis\u00e9e, l\u00a0\u2018\u00e9quipe p\u00e9dagogique prend \u00e9videmment en compte les \u00e9l\u00e8ves \u00e0 besoins \u00e9ducatifs particuliers en optimisant le travail avec le ma\u00eetre E mais \u00e9galement en s\u2019appuyant sur les comp\u00e9tences diverses des enseignants ou en organisant des d\u00e9cloisonnements.Il s\u2019agit aussi de cibler les actions d\u2019aide aux \u00e9l\u00e8ves rencontrant des difficult\u00e9s et ainsi de mutualiser en \u00e9quipe toutes les propositions favorables \u00e0 la scolarit\u00e9 des \u00e9l\u00e8ves. PASTORALE Vivre dans un climat de fraternit\u00e9 et de partage impliquant l\u2019ensembles des membres de la communaut\u00e9 \u00e9ducative (enseignants, personnels, parents, enfants, paroisse)Voir projet pastoral DEVELOPPEMENT DURABLE En lien avec son engagement dans le concept d\u2019\u00e9cologie int\u00e9grale (cf Encyclique Laudato Si -Pape Fran\u00e7ois-), notre \u00e9tablissement s\u2019inscrit dans une d\u00e9marche d\u2019\u00e9ducation au d\u00e9veloppement durable.<\/p>\n","protected":false},"author":1,"featured_media":0,"parent":0,"menu_order":0,"comment_status":"closed","ping_status":"closed","template":"","meta":[],"_links":{"self":[{"href":"https:\/\/www.stjoseph-lodeve.fr\/index.php\/wp-json\/wp\/v2\/pages\/8"}],"collection":[{"href":"https:\/\/www.stjoseph-lodeve.fr\/index.php\/wp-json\/wp\/v2\/pages"}],"about":[{"href":"https:\/\/www.stjoseph-lodeve.fr\/index.php\/wp-json\/wp\/v2\/types\/page"}],"author":[{"embeddable":true,"href":"https:\/\/www.stjoseph-lodeve.fr\/index.php\/wp-json\/wp\/v2\/users\/1"}],"replies":[{"embeddable":true,"href":"https:\/\/www.stjoseph-lodeve.fr\/index.php\/wp-json\/wp\/v2\/comments?post=8"}],"version-history":[{"count":2,"href":"https:\/\/www.stjoseph-lodeve.fr\/index.php\/wp-json\/wp\/v2\/pages\/8\/revisions"}],"predecessor-version":[{"id":61,"href":"https:\/\/www.stjoseph-lodeve.fr\/index.php\/wp-json\/wp\/v2\/pages\/8\/revisions\/61"}],"wp:attachment":[{"href":"https:\/\/www.stjoseph-lodeve.fr\/index.php\/wp-json\/wp\/v2\/media?parent=8"}],"curies":[{"name":"wp","href":"https:\/\/api.w.org\/{rel}","templated":true}]}}